divided by 106527?
15
Calculate the remainder when 11340868 is divided by 35663.
34
Calculate the remainder when 74644 is divided by 5251.
1130
Calculate the remainder when 893056 is divided by 23501.
18
Calculate the remainder when 47779631 is divided by 144.
143
What is the remainder when 346310 is divided by 28857?
26
What is the remainder when 1291808 is divided by 322933?
76
What is the remainder when 49610028 is divided by 4790?
4788
What is the remainder when 255639 is divided by 65?
59
Calculate the remainder when 239244 is divided by 1221.
1149
Calculate the remainder when 28139 is divided by 9331.
146
Calculate the remainder when 589208 is divided by 489.
452
What is the remainder when 197136235 is divided by 302?
299
What is the remainder when 5459051 is divided by 90?
11
Calculate the remainder when 825816277 is divided by 694.
693
What is the remainder when 712458 is divided by 61?
39
What is the remainder when 17649013 is divided by 4412248?
21
Calculate the remainder when 8728867 is divided by 671448.
43
What is the remainder when 11759704 is divided by 18?
16
What is the remainder when 219656 is divided by 109803?
50
Calculate the remainder when 941216 is divided by 21384.
320
What is the remainder when 234299 is divided by 2552?
2067
Calculate the remainder when 315255 is divided by 157500.
255
Calculate the remainder when 493348 is divided by 17200.
11748
Calculate the remainder when 523272 is divided by 528.
24
What is the remainder when 116949 is divided by 4321?
282
Calculate the remainder when 57289752 is divided by 4774146.
0
What is the remainder when 6141 is divided by 354?
123
What is the remainder when 2467319 is divided by 58?
57
Calculate the remainder when 1016221 is divided by 195.
76
Calculate the remainder when 141345 is divided by 227.
151
Calculate the remainder when 233411 is divided by 2553.
1088
Calculate the remainder when 734074529 is divided by 2285.
2284
What is the remainder when 1023033 is divided by 2002?
11
What is the remainder when 48263 is divided by 47871?
392
What is the remainder when 10801364 is divided by 5400643?
78
What is the remainder when 1125907 is divided by 7766?
7603
What is the remainder when 4869603 is divided by 1622964?
711
Calculate the remainder when 3548649 is divided by 1563.
639
What is the remainder when 2425603 is divided by 3653?
11
What is the remainder when 7280288 is divided by 2835?
8
Calculate the remainder when 1804232 is divided by 257710.
262
What is the remainder when 901081 is divided by 107?
34
What is the remainder when 1450431 is divided by 342?
9
Calculate the remainder when 69036 is divided by 1571.
1483
What is the remainder when 852822 is divided by 56835?
297
What is the remainder when 2726285 is divided by 138?
95
What is the remainder when 83859369 is divided by 1361?
1354
Calculate the remainder when 313714 is divided by 3104.
210
Calculate the remainder when 529545 is divided by 264689.
167
Calculate the remainder when 193369680 is divided by 38.
30
What is the remainder when 12572068 is divided by 131?
129
Calculate the remainder when 2499443 is divided by 498.
479
Calculate the remainder when 400502 is divided by 237.
209
What is the remainder when 2859865 is divided by 12?
1
What is the remainder when 1020489 is divided by 9277?
19
Calculate the remainder when 615 is divided by 88.
87
Calculate the remainder when 7606792 is divided by 113.
84
Calculate the remainder when 69060 is divided by 17250.
60
Calculate the remainder when 14333921 is divided by 741.
17
What is the remainder when 1175289 is divided by 3755?
3729
Calculate the remainder when 29199793 is divided by 280.
273
Calculate the remainder when 579659 is divided by 576262.
3397
Calculate the remainder when 703793 is divided by 2322.
227
Calculate the remainder when 209727925 is divided by 278.
277
Calculate the remainder when 29293020 is divided by 13631.
1
Calculate the remainder when 38100 is divided by 18834.
432
Calculate the remainder when 7533971 is divided by 538140.
11
What is the remainder when 1015122 is divided by 313?
63
Calculate the remainder when 227719 is divided by 1428.
667
What is the remainder when 219381539 is divided by 20?
19
Calculate the remainder when 1543550 is divided by 1448.
1430
What is the remainder when 23351 is divided by 23128?
223
What is the remainder when 21067134 is divided by 726452?
26
What is the remainder when 56984 is divided by 13208?
4152
What is the remainder when 214908167 is divided by 287695?
2
What is the remainder when 62727 is divided by 3136?
7
What is the remainder when 14166766 is divided by 3?
1
What is the remainder when 4359030 is divided by 271?
266
What is the remainder when 2621160 is divided by 7?
3
Calculate the remainder when 19377480 is divided by 4844348.
88
Calculate the remainder when 45169 is divided by 11202.
361
What is the remainder when 253290 is divided by 2060?
1970
Calculate the remainder when 403575 is divided by 29.
11
What is the remainder when 10264616 is divided by 10143?
10043
What is the remainder when 20176 is divided by 2379?
1144
What is the remainder when 19883835 is divided by 368219?
9
What is the remainder when 166442 is divided by 55196?
854
What is the remainder when 564231599 is divided by 5492?
5487
Calculate the remainder when 85872367 is divided by 1098.
1081
Calculate the remainder when 576242780 is divided by 61.
58
Calculate the remainder when 718087 is divided by 1395.
1057
Calculate the remainder when 33115123 is divided by 11038373.
4
Calculate the remainder when 789495 is divided by 262117.
3144
What is the remainder when 604802 is divided by 67166?
308
What is the remainder when 584483 is divided by 193483?
4034
Calculate the remainder when 137958 is divided by 27511.
403
What is the remainder when 41748 is divided by 10050?
1548
What is the remainder when 15879 is divided by 3476?
1975
Calculate the remainder when 2364854 is divided by 514.
454
Calculate the remainder when 2821705 is divided by 437.
433
What is the remainder when 8871867 is divided by 7?
4
What is the remainder when 165782503 is divided by 345?
343
Calculate the remainder when 694025 is divided by 5029.
23
Calculate the remainder when 407301 is divided by 203622.
57
What is the remainder when 20625270 is divided by 104168?
6
What is the remainder when 692969 is divided by 230790?
599
What is the remainder when 296164 is divided by 45?
19
What is the remainder when 258043 is divided by 1410?
13
Calculate the remainder when 416286 is divided by 7682.
1458
Calculate the remainder when 28169410 is divided by 5700.
10
What is the remainder when 354410 is divided by 16830?
980
What is the remainder when 2196878 is divided by 501?
494
What is the remainder when 4640258 is divided by 2526?
2522
What is the remainder when 2246902 is divided by 160483?
140
Calculate the remainder when 1502 is divided by 1168.
334
Calculate the remainder when 18633041 is divided by 4041.
4031
What is the remainder when 1701771 is divided by 92?
47
Calculate the remainder when 697845 is divided by 4592.
4453
Calculate the remainder when 532085143 is divided by 1185.
1183
Calculate the remainder when 172285 is divided by 240.
205
Calculate the remainder when 48172 is divided by 107.
22
What is the remainder when 1790700 is divided by 181?
67
What is the remainder when 136375788 is divided by 911?
910
Calculate the remainder when 6908 is divided by 1920.
1148
What is the remainder when 34383 is divided by 582?
45
Calculate the remainder when 253665 is divided by 84545.
30
What is the remainder when 29788 is divided by 2052?
1060
Calculate the remainder when 355412 is divided by 5826.
26
What is the remainder when 6676696 is divided by 132?
4
Calculate the remainder when 153378 is divided by 8059.
257
What is the remainder when 54537833 is divided by 478402?
5
What is the remainder when 112553944 is divided by 672?
664
Calculate the remainder when 63758891 is divided by 6286.
6279
What is the remainder when 89103 is divided by 8904?
63
What is the remainder when 114993 is divided by 206?
45
Calculate the remainder when 1098639 is divided by 952.
31
Calculate the remainder when 274610 is divided by 66831.
7286
What is the remainder when 127